= h**3 + 4*h**2 - 8*h - 2. Calculate x(-5).
13
Let j(k) = k**3 + 11*k**2 - 11*k + 11. Give j(-12).
-1
Let h(k) = k**3 - 11*k**2 + 8*k + 13. Determine h(10).
-7
Let q(s) = -s**2 - 13*s - 49. Determine q(-7).
-7
Let o(v) = 7*v**2 + 2*v - 3. Give o(1).
6
Let h(n) = -33*n + 69. What is h(2)?
3
Let p(l) = 6*l - 43. Give p(13).
35
Let s(m) = -m**2 - 8*m - 20. What is s(-6)?
-8
Let h(j) = -j**2 + 10*j - 7. What is h(12)?
-31
Let q(d) = -d**3 - d - 2. Calculate q(-2).
8
Let f(o) = -39*o - 15. Calculate f(-4).
141
Let c(v) = -3*v + 4. Give c(-8).
28
Let r(v) = -23*v - 11. What is r(4)?
-103
Let p(r) = -r**3 - 8*r**2 - 5*r - 9. Give p(-8).
31
Let n(c) = -c**3 - 6*c**2 + 3*c + 9. What is n(-6)?
-9
Let l(q) = 2*q**2 + 2*q - 4. Calculate l(-3).
8
Let q(c) = -143*c - 418. Calculate q(-3).
11
Let n(s) = s**3 + 4*s**2 - 6. Give n(-3).
3
Let u(h) = -h**3 + 10*h**2 + 11*h - 4. Determine u(11).
-4
Let p(r) = 23*r - 25. Calculate p(3).
44
Let n(r) = r**3 - 33*r**2 - 70*r + 8. Give n(35).
8
Let f(t) = 10*t + 334. Determine f(-30).
34
Let z(t) = 3*t**2 + 5*t - 18. Calculate z(3).
24
Let q(m) = m**2 - 28*m + 162. Determine q(12).
-30
Let s(q) = -q**2 + 25. Determine s(-5).
0
Let h(d) = -2*d - 63. Determine h(16).
-95
Let h(k) = k**2 + 9*k - 2. What is h(-9)?
-2
Let t(k) = 5*k**3 + 3*k**2 - 2*k. Determine t(1).
6
Let i(q) = -3*q - 94. What is i(-29)?
-7
Let p(c) = -c**3 + 14*c**2 + 50*c + 7. What is p(17)?
-10
Let b(m) = -m**3 + 30*m**2 + 3*m - 30. What is b(30)?
60
Let p(y) = -2*y - 80. Calculate p(-39).
-2
Let y(w) = w**2 - 19*w + 29. Determine y(8).
-59
Let c(h) = -h**3 - 8*h**2 + 11*h + 13. Calculate c(-9).
-5
Let y(a) = a**3 - 22*a**2 + 40*a + 35. Give y(20).
35
Let d(y) = y**3 - y - 17. Give d(0).
-17
Let c(z) = 2*z - 13. What is c(12)?
11
Let y(v) = -v - 9. What is y(2)?
-11
Let b(z) = 13*z + 34. What is b(-3)?
-5
Let r(y) = 2*y**3 - 2*y**2 + y + 61. Give r(0).
61
Let w(d) = -d**2 + 13*d + 44. What is w(16)?
-4
Let g(k) = 4*k**2 - 2*k - 3. What is g(-1)?
3
Let o(h) = h**3 - 9*h**2 - 35*h - 9. Determine o(12).
3
Let t(n) = n**2 + 4*n - 30. Give t(0).
-30
Let a(w) = -w**2 + 11*w - 10. Calculate a(12).
-22
Let l(p) = 2*p**2 - 26. What is l(0)?
-26
Let g(u) = -u**3 - 6*u**2 + 7*u + 45. Give g(-6).
3
Let a(s) = s**3 + s**2 + 39. Give a(0).
39
Let c(r) = -r**3 + 2*r**2 + 7*r - 5. Calculate c(2).
9
Let h(q) = q**3 + q**2 - q + 2. Calculate h(-2).
0
Let r(c) = 2*c**2 - 10. Calculate r(6).
62
Let b(o) = -o**3 + 12*o**2 - 6*o + 53. What is b(12)?
-19
Let p(m) = -3*m + 5. Calculate p(6).
-13
Let b(d) = d**3 - 6*d**2 + 2*d + 6. What is b(5)?
-9
Let m(r) = 3*r**3 - 3*r**2 + 4*r - 2. What is m(2)?
18
Let b(a) = 11*a. Determine b(-2).
-22
Let x(c) = -3*c**3 + 2*c**2 - 4*c + 8. Give x(2).
-16
Let s(j) = j**3 + j**2 + 4. What is s(-4)?
-44
Let z(o) = -o**3 - 14*o**2 - 39*o + 15. Determine z(-10).
5
Let p(x) = x**3 - 8*x**2 + 4*x - 4. Give p(8).
28
Let y(f) = -f**2 + 31*f - 137. Calculate y(25).
13
Let g(q) = -2*q + 4. Give g(-3).
10
Let c(s) = -s**3 + 2*s + 6. Give c(3).
-15
Let m(l) = l - 1. Give m(5).
4
Let z(l) = -l + 28. Give z(31).
-3
Let z(x) = -18*x**2 - x + 2. Determine z(-2).
-68
Let a(w) = w**3 - 10*w**2 + 11*w + 3. What is a(9)?
21
Let y(l) = -l**2 - 23*l + 8. Give y(-23).
8
Let l(n) = n**3 + 2*n**2. What is l(-4)?
-32
Let y(o) = -7*o + 97. Determine y(15).
-8
Let i(k) = k**3 + 7*k**2 + 15*k + 13. Give i(-5).
-12
Let v(y) = 6*y**3 - y**2 - y - 1. What is v(3)?
149
Let p(q) = -4*q - 1. Calculate p(-3).
11
Let h(t) = t**3 + 6*t**2 + 4*t + 8. Give h(-4).
24
Let l(o) = 7*o**2 - 5*o - 24. Give l(-3).
54
Let h(i) = i**3 - 6*i**2 - 17*i + 13. What is h(8)?
5
Let s(z) = -7*z + 3. Give s(2).
-11
Let k(w) = w**3 + 8*w**2 + 8*w + 4. What is k(-7)?
-3
Let l(u) = -u**3 + 8*u**2 - 6*u + 22. Calculate l(8).
-26
Let c(i) = -i**3 - 8*i**2 + 3*i + 7. What is c(-8)?
-17
Let b(y) = 4*y**3 - 4*y**2 - 3*y. Calculate b(-2).
-42
Let p(m) = m**3 + 4*m**2 + 3*m + 13. Calculate p(-4).
1
Let z(v) = 35*v + 1. Determine z(1).
36
Let i(a) = -32*a - 301. What is i(-9)?
-13
Let q(c) = -11*c - 1. Give q(-1).
10
Let v(m) = 6*m**2 + 1. Calculate v(1).
7
Let v(p) = -12*p + 1. Calculate v(-1).
13
Let r(z) = 2*z**3 + 84*z**2 + z + 25. Calculate r(-42).
-17
Let g(u) = -4*u**2 + u + 22. Calculate g(-5).
-83
Let c(o) = o**3 + 7*o**2 - 7*o - 1. What is c(-8)?
-9
Let x(t) = -3*t - 3. Calculate x(0).
-3
Let h(p) = p**2 + 23*p + 17. Calculate h(-22).
-5
Let l(f) = f**3 + 7*f**2 - 3*f - 16. Give l(-7).
5
Let u(q) = q**3 + 4*q**2 - q + 22. Calculate u(-5).
2
Let h(u) = -u**2 - 4*u - 9. What is h(-8)?
-41
Let g(k) = -k**2 + k + 33. What is g(7)?
-9
Let w(b) = b**2 - 8*b + 15. Determine w(6).
3
Let s(v) = v**3 - 5*v**2 + 9*v - 24. What is s(5)?
21
Let t(z) = 2*z - 3. Determine t(4).
5
Let d(b) = -b**3 + 5*b**2 + 9*b - 3. Calculate d(6).
15
Let h(o) = -54*o + 3. What is h(-1)?
57
Let v(g) = 3*g + 39. Determine v(-15).
-6
Let g(k) = -k**3 - 29*k**2 - 27*k - 16. Determine g(-28).
-44
Let z(k) = 2*k**2 + k. Determine z(0).
0
Let k(l) = l**3 - 9*l**2 + 22*l - 9. What is k(2)?
7
Let j(z) = -z**3 + 3*z**2 + 11*z - 6. Determine j(5).
-1
Let r(j) = -2*j**3 + 4*j**2 + 5*j - 10. Determine r(4).
-54
Let l(a) = -57*a + 10. Determine l(2).
-104
Let t(u) = u**3 + 3*u + 5. Calculate t(-2).
-9
Let h(u) = -37*u - 30. What is h(-1)?
7
Let x(p) = -p**3. Determine x(-4).
64
Let l(g) = -4*g + 14. Determine l(-5).
34
Let w(u) = u**3 - 3*u**2 - 2*u + 1. Calculate w(3).
-5
Let g(c) = 2*c**2 - c - 2. Give g(-3).
19
Let v(n) = 2*n**2 - 4*n. What is v(-4)?
48
Let n(m) = 124*m + 128. Give n(-1).
4
Let k(a) = -7*a. Give k(-3).
21
Let j(v) = -33*v + 194. What is j(6)?
-4
Let g(k) = -k + 7. What is g(0)?
7
Let n(c) = 21*c**2 - 1. Determine n(-1).
20
Let a(x) = 7*x + 226. Calculate a(-32).
2
Let x(w) = w**3 - 5*w + 3. Calculate x(-4).
-41
Let f(a) = -2*a + 6. Calculate f(5).
-4
Let w(o) = -31*o**2 + o + 2. Determine w(-1).
-30
Let v(j) = -j**3 + 5*j**2 - 3*j + 6. Calculate v(5).
-9
Let q(b) = 18*b. Give q(0).
0
Let k(d) = 9*d**3 - 3*d**2 + 4*d - 2. Determine k(2).
66
Let i(s) = -18*s - 2. What is i(-1)?
16
Let w(x) = x**3 + 21*x**2 + 2*x + 40. What is w(-21)?
-2
Let t(f) = f**2 + 13*f - 19. Calculate t(-14).
-5
Let j(k) = 6*k**3 + 41*k**2 - 11*k - 38. Determine j(-7).
-10
Let b(q) = q**2 - 18*q + 91. Give b(8).
11
Let j(t) = t - 22. Give j(24).
2
Let g(r) = r**3 - 2*r**2 - 33*r + 4. Calculate g(6).
-50
Let h(x) = -7*x + 5. Determine h(5).
-30
Let g(u) = 110*u + 447. Calculate g(-4).
7
Let w(o) = o**2 + 14*o - 788. What is w(22)?
4
Let o(i) = -i**2 - 5*i + 6. Calculate o(-4).
10
Let g(f) = -6*f - 2. Calculate g(-1).
4
Let k(x) = -3*x - 12. Determine k(-5).
3
Let u(i) = 2*i**3 - 2*i - 3. What is u(-1)?
-3
Let y(r) = r + 2. What is y(6)?
8
Let v(h) = h**2 - 4*h - 10. Calculate v(8).
22
Let d(t) = t**3 + 3*t**2 + 2*t + 6. What is d(-3)?
0
Let s(o) = -o**3 - 6*o**2 + 4*o - 6. Give s(-7).
15
Let r(x) = -23*x**2 - 2*x + 2. What is r(1)?
-23
Let d(c) = c**2 + 17*c + 1. Give d(-17).
1
Let h(c) = -c**3 - 17*c**2 + 37*c - 10. Determine h(-19).
9
Let u(s) = -s**3 + 8*s**2 + 9*s + 8. Determine u(9).
8
Let f(a) = a + 2. What is f(6)?
8
Let a(g) = g**2 - 9*g + 13. Determine a(8).
5
Let l(k) = -14*k. Calculate l(-2).
28
Let b(z) = -z**2 + 8*z + 13. What is b(10)?
-7
Let c(b) = 3*b**2 + 41*b - 14. Give c(-14).
0
Let v(g) = g**3 + 31*g**2 - 36*g - 34. What is v(-32)?
94
Let b(x) = 57*x + 217. Calculate b(-4).
-11
Let n(s) = -47*s. What is n(1)?
-47
Let a(s) = s**2 + 9*s + 19. Determine a(-6).
1
Let c(s) = s - 79. Give c(28).
-51
Let t(o) = 20*o + 229. What is t(-12)?
-11
Let i(d) = d**2 - 8*d - 3. Determine i(7).
-10
Let g(x) = -x**2 + 13*x + 10. What is g(14)?
-4
Let j(k) = k**3 - 8*k**2 + 12*k + 12. Calculate j(5).
-3
Let x(q) = q**2 - 15*q - 70. Calculate x(19).
6
Let q(i) = i**2 + 16*i + 42. Determine q(-3).
3
Let j(w) = -w**3 - 8*w**2 - 6*w - 44. Calculate j(-8).
4
Let o(a) = a**3 + 4*a**2 - 12*a + 6. Give o(-6).
6
Let v(i) = -6*i**2 + i - 1. Determine v(4).
-93
Let u(r) = -3*r. Calculate u(-4).
12
Let o(w) = w**3 + 2*w**2 + 6*w + 7. What is o(-2)?
-5
Let y(c) = 3*c + 153. Calculate y(-41).
30
Let v(i) = -i**2 - i. Determine v(-1).
0
Let a(y) = y - 11. Give a(11).
0
Let d(h) = 9*h + 83. What is d(-6)?
29
Let i(y) = y**2 - 20*y - 6. Determine i(20).
-6
Let